{"id":2,"date":"2022-10-04T22:15:29","date_gmt":"2022-10-04T22:15:29","guid":{"rendered":"https:\/\/praxis-kathrinhaas.de\/?page_id=2"},"modified":"2026-04-10T16:32:57","modified_gmt":"2026-04-10T16:32:57","slug":"sample-page","status":"publish","type":"page","link":"https:\/\/praxis-kathrinhaas.de\/","title":{"rendered":"Praxis Kathrin Haas Neunkirchen"},"content":{"rendered":"<p>Liebe Patientinnen und Patienten,<\/p>\n<p>wir sind vom 13.04.2026-17.04.2026 im Urlaub.\u00a0<\/p>\n<p>Bitte wenden Sie sich in dringenden F\u00e4llen an unsere Vertretungen:<\/p>\n<p>1) Praxis Dr. Jakobi, Boxbergweg 3, 66538 Neunkirchen &#8211; Telefon: 06821 21355<\/p>\n<p>2) Praxis Dr. Fleer, Brunnenstr. 21, 66538 Neunkirchen &#8211; Telefon: 06821 88282<\/p>\n<p>3) Praxis Dr. Grundmann\/Stumm, Bliespromenade 17, 66538 Neunkirchen &#8211; Telefon: 06821 7902090<\/p>\n<p>Au\u00dferhalb der \u00d6ffnungszeiten steht Ihnen Montags, Dienstags und Donnerstag ab 18 Uhr, sowie Mittwochs und Freitags ab 13 Uhr und am Wochenende 24 Stunden am Tag der \u00e4rztliche Bereitschaftsdienst in dringenden F\u00e4llen unter 116 117 zur Verf\u00fcgung. In Lebensbedohlichen Notf\u00e4llen rufen Sie bitte unter 112 den Rettungsdienst!<\/p>\n<p>Ab 20.04. sind wieder da<\/p>\n\n\n<div style=\"display: flex; justify-content: space-evenly; align-items: stretch; flex-wrap: wrap;\">\n<div class=\"sprech\" style=\"text-align: center; background: #fff; padding: 40px;\">\n<p>Anschrift:<\/p>\n<p>Hebbelstr. 2 &#8211; 3. OG<\/p>\n<p>66538 Neunkirchen<\/p>\n<p>Kontaktdaten:<\/p>\n<p>Telefon: 06821 \/ 26616<\/p>\n<p>Telefax: 06821 \/ 26600<\/p>\n<p>E-Mail: info@praxis-kathrinhaas.de<\/p>\n<div style=\"font-size: 0.7em; line-height: 1.3;\">Berufsbezeichnung: \u00c4rztin (verliehen in Deutschland)<br>Berufsrechtliche Regelungen:<br>&#8211; Berufsordnung der Landes\u00e4rztekammer Saarland<br>&#8211; Heilberufegesetz DeutschlandZust\u00e4ndige<\/div>\n<div>&nbsp;<\/div>\n<div style=\"font-size: 0.7em; line-height: 1.3;\">\u00c4rztekammer:<br>\u00c4rztekammer des Saarlandes<br>Faktoreistra\u00dfe 4<br>66111 Saarbr\u00fccken<\/div>\n<div style=\"font-size: 0.7em; line-height: 1.3;\">Telefon: 0681 4003-0<\/div>\n<div style=\"font-size: 0.7em; line-height: 1.3;\">Fax: 0681 4003-340<\/div>\n<div>&nbsp;<\/div>\n<div style=\"font-size: 0.7em; line-height: 1.3;\">Zust\u00e4ndige Kassen\u00e4rztliche Vereinigung:<br>Kassen\u00e4rztliche Vereinigung Saarland &#8211; K\u00f6rperschaft des \u00f6ffentlichen Rechts<br>Europaallee 7 &#8211; 9<br>66113 Saarbr\u00fccken<br>Telefon: 0681 99 83 70<br>Fax: 0681 99 83 7-140<\/div>\n<div>&nbsp;<\/div>\n<\/div>\n<div class=\"sprech\" style=\"text-align: center; background: #fff; padding: 40px;\">\n<p><strong>Sprechzeiten<\/strong><\/p>\n<p><strong>Montag<\/strong><br>8:00 &#8211; 11:30 Uhr<br>15:30 &#8211; 18:00 Uhr<\/p>\n<p style=\"text-align: center;\"><strong>Dienstag<\/strong><br>8:00 &#8211; 12:30 Uhr<br>nachmittags n. Vereinbarung<\/p>\n<p style=\"text-align: center;\"><strong>Mittwoch<br><\/strong>8:00 &#8211; 11:30 Uhr<br>15:00 &#8211; 16:30 Uhr<\/p>\n<p style=\"text-align: center;\"><strong>Donnerstag<\/strong><br>8:00 &#8211; 12:30 Uhr<br>nachmittags geschlossen<br>(Nachmittags Vertretung durch Dr. Jakobi, Boxbergweg3, 66538 NK)<\/p>\n<p style=\"text-align: center;\"><strong>Freitag<\/strong><br>8:00 &#8211; 13:00 Uhr<br>nachmittags geschlossen<\/p>\n<\/div>\n<\/div>\n\n\n\n<div style=\"display: flex; justify-content: space-evenly; align-items: stretch; flex-wrap: wrap;\">&nbsp;<\/div>\n","protected":false},"excerpt":{"rendered":"<p>Liebe Patientinnen und Patienten, wir sind vom 13.04.2026-17.04.2026 im Urlaub.\u00a0 Bitte wenden Sie sich in dringenden F\u00e4llen an unsere Vertretungen: 1) Praxis Dr. Jakobi, Boxbergweg 3, 66538 Neunkirchen &#8211; Telefon: 06821 21355 2) Praxis Dr. Fleer, Brunnenstr. 21, 66538 Neunkirchen &#8211; Telefon: 06821 88282 3) Praxis Dr. Grundmann\/Stumm, Bliespromenade 17, 66538 Neunkirchen &#8211; Telefon: 06821 [&hellip;]<\/p>\n","protected":false},"author":1,"featured_media":0,"parent":0,"menu_order":0,"comment_status":"closed","ping_status":"closed","template":"","meta":{"footnotes":""},"class_list":["post-2","page","type-page","status-publish","hentry"],"jetpack_sharing_enabled":true,"_links":{"self":[{"href":"https:\/\/praxis-kathrinhaas.de\/index.php\/wp-json\/wp\/v2\/pages\/2","targetHints":{"allow":["GET"]}}],"collection":[{"href":"https:\/\/praxis-kathrinhaas.de\/index.php\/wp-json\/wp\/v2\/pages"}],"about":[{"href":"https:\/\/praxis-kathrinhaas.de\/index.php\/wp-json\/wp\/v2\/types\/page"}],"author":[{"embeddable":true,"href":"https:\/\/praxis-kathrinhaas.de\/index.php\/wp-json\/wp\/v2\/users\/1"}],"replies":[{"embeddable":true,"href":"https:\/\/praxis-kathrinhaas.de\/index.php\/wp-json\/wp\/v2\/comments?post=2"}],"version-history":[{"count":69,"href":"https:\/\/praxis-kathrinhaas.de\/index.php\/wp-json\/wp\/v2\/pages\/2\/revisions"}],"predecessor-version":[{"id":443,"href":"https:\/\/praxis-kathrinhaas.de\/index.php\/wp-json\/wp\/v2\/pages\/2\/revisions\/443"}],"wp:attachment":[{"href":"https:\/\/praxis-kathrinhaas.de\/index.php\/wp-json\/wp\/v2\/media?parent=2"}],"curies":[{"name":"wp","href":"https:\/\/api.w.org\/{rel}","templated":true}]}}